or of k and 11?
11
Let w = -949 - -961. Calculate the greatest common divisor of w and 32.
4
Suppose -4*z + 2*z + 12 = 0. Let k be ((-12)/(-20)*-34)/((-12)/40). Let d = k - 20. Calculate the highest common factor of z and d.
6
Let z be (-4)/((-3)/(3090/20)). Calculate the greatest common divisor of z and 309.
103
Suppose 2*s + 112 = 2*j + s, j + 3*s = 49. Suppose -39*c - 585 = -0*c. Let o be (-125)/15*18/c. What is the highest common factor of o and j?
5
Let u be ((-198)/(-110))/((-4)/((-80)/12)). Suppose -4*c + 3*v = -30 + 5, -2*c = 2*v - 30. What is the highest common factor of c and u?
1
Suppose -142*n + 150*n - 3888 = 0. Let s = 541 - n. Calculate the highest common factor of 275 and s.
55
Suppose -5*c + 0*c = -0*c - 5610. Calculate the greatest common divisor of c and 255.
51
Let b be (-3 - -8)*8/5. Suppose 6*u - b*u = -76. Let p be (83/(-5))/((-33)/165) + -7. What is the greatest common factor of p and u?
38
Let w be 1/((0 - -1)*43/4085). What is the greatest common divisor of w and 95?
95
Let p = -258 + 1140. What is the highest common factor of 18 and p?
18
Let s(g) = -4*g - 34. Let z be s(-9). Let k be (476/42)/(z/174). What is the highest common factor of k and 17?
17
Let k(h) = -9*h - 27. Let n be k(-8). Suppose 4*v - 121 = 3*w, -n - 14 = -2*v + w. What is the greatest common divisor of 7 and v?
7
Let b be (-2 + (-3)/(-4))*-4. Suppose y + b = -5*v + 3*v, 5*y + 15 = 0. Let j be v*(-2)/(-4) - 126/(-4). Calculate the greatest common factor of 279 and j.
31
Suppose 3*q - 245 = -y, 3*y - 988 = -y - 4*q. Suppose -v + y = 7*v. Let l = v + -25. Calculate the highest common factor of l and 2.
2
Let k(i) = -28*i + 4. Let d be k(-3). Let o be (24/(-9) - -2) + d/6. What is the highest common factor of o and 350?
14
Let i = -43 + 45. Let z(s) = 403*s - 3. Let y be z(i). Suppose -231 = 4*d - y. Calculate the highest common divisor of 13 and d.
13
Let m be 1228*(-3)/(-45) + (-2)/(-15). Calculate the greatest common divisor of 328 and m.
82
Suppose -10*i = -11*i + 4*c + 4353, -2*i + 8682 = -5*c. What is the greatest common factor of i and 203?
29
Suppose 846 = 69*b - 22*b. Calculate the highest common factor of 1002 and b.
6
Let b be (-30)/8*(-1)/((-9)/(-12)). Suppose 139 = b*i - 176. Suppose -3*k + 5 = -4*q - 2, -55 = -5*k - 2*q. What is the greatest common factor of k and i?
9
Let y = 7 + 0. Let l = 208 - 207. Let c be (-2)/((-3 + 0 + l)/1). Calculate the highest common factor of c and y.
1
Let i(n) = 10 + 48*n**2 - 4*n - 49*n**2 - 7*n. Let r be i(-10). What is the highest common factor of 30 and r?
10
Let w be 2*(-4 - (-54)/12). Let r be (19/2 + w)*140/6. What is the greatest common factor of 35 and r?
35
Suppose 17 = 2*v + u, 7 + 4 = v + 3*u. Let g be 1/4 - (-230)/v. Let j be 252 + (-36)/(3 - 7). Calculate the greatest common divisor of j and g.
29
Let w be 2/(5/(42 + -12)) + 188. What is the highest common factor of w and 24?
8
Let w(n) = -29*n + 161. Let u be w(4). Calculate the highest common factor of u and 2745.
45
Let n(g) = 639*g + 980. Let z be n(4). What is the highest common divisor of z and 13?
13
Let p = 682 - 695. Let r(v) be the second derivative of v**4/12 + 11*v**3/6 - 4*v**2 - v. Let w be r(p). What is the highest common factor of 45 and w?
9
Let s be (-9 - -8)/((-26)/1976). Calculate the highest common divisor of s and 4750.
38
Suppose 0 = -2*j + 8*j - 30. Let z(t) = 7*t**3 + 4*t**3 + j*t**2 + 2 - 10*t**3 + 2*t. Let y be z(-4). Calculate the greatest common factor of y and 30.
10
Let f be (7 + 1/(7/112))*26. What is the highest common factor of f and 322?
46
Let y(b) = -4*b**2 + 3*b - 9. Suppose -c + 0 = -w + 2, -8 = -w - c. Let q be y(w). Let d = 27 - q. What is the greatest common factor of 11 and d?
11
Let k = -51 - -127. Suppose -680 - 535 = -3*o. Suppose 279 = 6*s - o. Calculate the greatest common divisor of k and s.
38
Let m be ((-4)/(-60)*-3*4)/(5/(-8350)). Calculate the greatest common divisor of m and 8.
8
Let a = 355 + 233. Let k be ((-2450)/455 - -4)/((-15)/130). Calculate the highest common factor of k and a.
12
Let c = -33 - 51. Let g = -44 - c. Let r = 56 + -46. Calculate the highest common divisor of r and g.
10
Let m(u) = 771*u**2 + 53*u - 190. Let y be m(3). Calculate the greatest common factor of y and 33.
11
Suppose 0 = -2*v + 5*u + 11, -18*v + u + 49 = -14*v. Let n = -45 - -58. What is the highest common divisor of v and n?
13
Let v = -23 - -23. Let r be (-3)/(-7) - ((-234)/(-7) + v). Let q = -23 - r. What is the greatest common divisor of 4 and q?
2
Let j(n) = -12*n - 31. Let g = 156 + -159. Let l be j(g). What is the greatest common factor of 15 and l?
5
Suppose 15*v = -4*v + 178 + 107. Calculate the greatest common divisor of v and 4505.
5
Let m = 6329 - 5689. What is the highest common factor of m and 40?
40
Let a(g) = g**2 - 152*g + 2649. Let i be a(20). What is the highest common factor of 33 and i?
3
Suppose 720 = 2*g - 4*i, -4*i + 1080 = 142*g - 139*g. Suppose -238 - 32 = -6*l. What is the highest common factor of l and g?
45
Suppose -328*a - 7452 = -420*a. What is the highest common divisor of a and 3807?
81
Let m = 56 - 23. Let w = -21481 - -30534. Let o be w/165 + 6/45. Calculate the highest common divisor of m and o.
11
Let v be 9/(-18)*1441*-2. Calculate the highest common factor of 5 and v.
1
Suppose -8*w + 215*w - 172880 = -54062. Calculate the greatest common factor of 70 and w.
14
Suppose 228 = 3*h + 4*u, 8*h - 4*u = 7*h + 108. Calculate the greatest common factor of h and 1694.
14
Let k = -4616 - -4700. What is the greatest common divisor of k and 448?
28
Let g be (-2)/(18/(-42) + (-20)/(-56)). Let p be (-8)/6*(-399)/g. Calculate the highest common factor of p and 2.
1
Suppose q + 8*f - 9*f = 44, 2*q - 88 = -3*f. What is the highest common factor of 6677 and q?
11
Let j be (1881/84 - 30/(-40))*399. What is the greatest common divisor of j and 76?
38
Let a = -630 - -637. Let t be (-2)/(-5)*(a - -173). What is the highest common divisor of t and 72?
72
Suppose -45*v + 27*v = -21*v + 300. What is the greatest common divisor of v and 3175?
25
Suppose 4*o - 209 = 103. Suppose 3*q = -3*q + o. What is the highest common divisor of 52 and q?
13
Let r(a) = -3*a**2 - 103*a - 251. Let z be r(-31). Calculate the greatest common factor of z and 59.
59
Let s be (-7536)/(-36) + 16/(-12). Suppose -12*j + 13*j = u - 68, j = 3*u - s. What is the greatest common factor of 14 and u?
14
Let t be 12 - -909 - ((-15)/(-2))/5*-2. What is the highest common divisor of t and 4536?
84
Let n = -121 + 181. Suppose 24*h - n = 18*h. Let p be 114/h - 6/15. What is the greatest common factor of 110 and p?
11
Suppose 0 = -5*b + 2*i + 501 + 153, -4*b + 2*i + 526 = 0. What is the highest common divisor of b and 5?
1
Let t be (-1 + 65/(-3))/(99/(-4455)). Suppose t = 5*h + 5*h. Calculate the greatest common factor of h and 340.
34
Let y be 4 + (6 - 16) + 5*62/5. Suppose -4*x + 95 = -185. Calculate the greatest common factor of y and x.
14
Let z be ((3264/(-5))/16)/(1 - 8178/8160). What is the greatest common divisor of z and 64?
64
Let m be ((-882)/24 + (-4)/80*-5)*-2. Calculate the highest common divisor of 25331 and m.
73
Let d = 174 - 55. Let i = -69 + d. Let j be 510/i + 2/(-10). Calculate the greatest common divisor of j and 6.
2
Let y be (-16)/4 - (-1)/1. Let i be y/(-9)*129 + -4. Let n = -16 + i. Calculate the greatest common divisor of 115 and n.
23
Suppose -41 = -3*u + 4*c + 62, -2*c - 107 = -3*u. What is the highest common factor of 296 and u?
37
Let n be 102/(0 + 2/3). Suppose -27*a - 3951 = -382*a - 84*a. Calculate the greatest common factor of a and n.
9
Suppose 20 = -4*y, 0 = -c - c - y - 31. Let q = 153 + c. Suppose 0 = 3*u + 536 - 566. What is the highest common divisor of u and q?
10
Let y be 236/(-295) + (-198)/(-10). Let d(v) = 87*v - 25. Let k be d(4). What is the highest common factor of k and y?
19
Let z(i) = 7*i**2 - 4*i + 105. Let j(o) = -2*o**2 + o + 1. Let v(l) = 4*j(l) + z(l). Let h be v(10). Calculate the highest common factor of h and 549.
9
Let u(s) = s**3 + 42*s**2 + 101*s - 597. Let a be u(-39). Let y be (4/3)/((-1)/(-54)). Calculate the greatest common factor of y and a.
9
Let k(b) = 78 - 16*b + 79 - 57 + 10*b. Let s be k(16). Calculate the greatest common factor of s and 44.
4
Let m = 898